{"id":17243,"date":"2020-04-28T09:04:15","date_gmt":"2020-04-28T09:04:15","guid":{"rendered":"http:\/\/ecofoc.net\/portfolio_page\/estufa-dinercia-st-aniol-daguja\/"},"modified":"2020-04-28T09:33:26","modified_gmt":"2020-04-28T09:33:26","slug":"estufa-dinercia-st-aniol-daguja","status":"publish","type":"portfolio_page","link":"https:\/\/ecofoc.net\/ca\/portfolio_page\/estufa-dinercia-st-aniol-daguja\/","title":{"rendered":"Estufa d&#8217;in\u00e8rcia. St.Aniol d&#8217;Aguja"},"content":{"rendered":"<p>En aquest projecte vam tenir el gust de participar en la reconstrucci\u00f3 del refugi de St.Aniol d&#8217;Aguja (Sadernes, La Garrotxa, Girona) amb la construcci\u00f3 de l&#8217;estufa d&#8217;in\u00e8rcia t\u00e8rmica d&#8217;alt rendiment a llenya per escalfar la sala menjador principal del refugi amb baix consum de llenya.<\/p>\n<p>Degut a la llunyania i que al refugi nom\u00e9s s&#8217;hi arriba a peu, els materials van haver de pujar el helic\u00f2pter.<\/p>\n<p>A nivell est\u00e8tic, es tracta d&#8217;una de les nostres estufes d&#8217;in\u00e8rcia t\u00e8rmica grosses (185 cm d&#8217;al\u00e7ada) i amb porta gran ( 50 x 50 cm). Acabada en rajol en obra vista i les superf\u00edcies \u00fatils acabades en tova catalana de 40 x 40 cm.<\/p>\n<p>Disposa d&#8217;un banc calent lateral de 1 metre i mig de llarg i est\u00e0 situada just a l&#8217;entrada del refugi, al costat de la porta de la cuina, donant una c\u00e0lida benvinguda als excursionistes tant punt arriben al refugi.<\/p>\n<p>&nbsp;<\/p>\n","protected":false},"excerpt":{"rendered":"<p>En aquest projecte vam tenir el gust de participar en la reconstrucci\u00f3 del refugi de St.Aniol d&#8217;Aguja (Sadernes, La Garrotxa, Girona) amb la construcci\u00f3 de l&#8217;estufa d&#8217;in\u00e8rcia t\u00e8rmica d&#8217;alt rendiment a llenya per escalfar la sala menjador principal del refugi amb baix consum de llenya&#8230;.<\/p>\n","protected":false},"author":2,"featured_media":17227,"menu_order":5,"comment_status":"closed","ping_status":"closed","template":"","portfolio_category":[218],"portfolio_tag":[],"class_list":["post-17243","portfolio_page","type-portfolio_page","status-publish","has-post-thumbnail","hentry","portfolio_category-estufes-inercia-termica-grans"],"_links":{"self":[{"href":"https:\/\/ecofoc.net\/ca\/wp-json\/wp\/v2\/portfolio_page\/17243","targetHints":{"allow":["GET"]}}],"collection":[{"href":"https:\/\/ecofoc.net\/ca\/wp-json\/wp\/v2\/portfolio_page"}],"about":[{"href":"https:\/\/ecofoc.net\/ca\/wp-json\/wp\/v2\/types\/portfolio_page"}],"author":[{"embeddable":true,"href":"https:\/\/ecofoc.net\/ca\/wp-json\/wp\/v2\/users\/2"}],"replies":[{"embeddable":true,"href":"https:\/\/ecofoc.net\/ca\/wp-json\/wp\/v2\/comments?post=17243"}],"wp:featuredmedia":[{"embeddable":true,"href":"https:\/\/ecofoc.net\/ca\/wp-json\/wp\/v2\/media\/17227"}],"wp:attachment":[{"href":"https:\/\/ecofoc.net\/ca\/wp-json\/wp\/v2\/media?parent=17243"}],"wp:term":[{"taxonomy":"portfolio_category","embeddable":true,"href":"https:\/\/ecofoc.net\/ca\/wp-json\/wp\/v2\/portfolio_category?post=17243"},{"taxonomy":"portfolio_tag","embeddable":true,"href":"https:\/\/ecofoc.net\/ca\/wp-json\/wp\/v2\/portfolio_tag?post=17243"}],"curies":[{"name":"wp","href":"https:\/\/api.w.org\/{rel}","templated":true}]}}

Estufa d&#8217;inèrcia. St.Aniol d&#8217;Aguja

<p>En aquest projecte vam tenir el gust de participar en la reconstrucció del refugi de St.Aniol d&#8217;Aguja (Sadernes, La Garrotxa, Girona) amb la construcció de l&#8217;estufa d&#8217;inèrcia tèrmica d&#8217;alt rendiment a llenya per escalfar la sala menjador principal del refugi amb baix consum de llenya.</p>
<p>Degut a la llunyania i que al refugi només s&#8217;hi arriba a peu, els materials van haver de pujar el helicòpter.</p>
<p>A nivell estètic, es tracta d&#8217;una de les nostres estufes d&#8217;inèrcia tèrmica grosses (185 cm d&#8217;alçada) i amb porta gran ( 50 x 50 cm). Acabada en rajol en obra vista i les superfícies útils acabades en tova catalana de 40 x 40 cm.</p>
<p>Disposa d&#8217;un banc calent lateral de 1 metre i mig de llarg i està situada just a l&#8217;entrada del refugi, al costat de la porta de la cuina, donant una càlida benvinguda als excursionistes tant punt arriben al refugi.</p>
<p>&nbsp;</p>

<p>En aquest projecte vam tenir el gust de participar en la reconstrucció del refugi de St.Aniol d&#8217;Aguja (Sadernes, La Garrotxa, Girona) amb la construcció de l&#8217;estufa d&#8217;inèrcia tèrmica d&#8217;alt rendiment a llenya per escalfar la sala menjador principal del refugi amb baix consum de llenya&#8230;.</p>
